**2 + 6*j - 48. Let f(z) = -z**2 + z - 2. Let c(l) = 5*f(l) + h(l). What is the hundreds digit of c(11)?
1
What is the ten thousands digit of -5 + (60/9)/20 + 262450/6?
4
Suppose v = -6*v + 14. Suppose -t + 1108 = 2*l, 12 = -l - v*l. What is the units digit of t?
6
What is the units digit of (-351)/195*((-5810)/6)/1?
3
Let m(a) = 10 + 153*a - 141*a + 14 + 25. Let o be m(20). Let w = o - 202. What is the units digit of w?
7
Let g(l) = 997*l**3 - l**2 + 7*l - 5. Let b be g(2). Suppose 0 = 2*a - 25*a + b. What is the hundreds digit of a?
3
Suppose -40*q - 21 = -43*q. Let x(t) = 21*t - 3. Let i be x(q). Let v = i + -41. What is the units digit of v?
3
Let x = -8 + 11. Suppose x*c = 2*c - 173. Let t = -114 - c. What is the units digit of t?
9
Let n(i) = -i**2 + 13*i - 12. Let g be 1/(-2 + 1)*(-53 - -77). Let z be ((90/g)/(-5))/(1/12). What is the units digit of n(z)?
4
Let t(s) = s**3 - 39*s**2 - 20*s - 93. What is the units digit of t(40)?
7
Suppose f + 0*f + 4*s + 12 = 0, 2*f = s + 3. Suppose 0 = 2*r + 18 - 22. Suppose -h + 4*t + 91 = f, 0 = h + h + r*t - 212. What is the tens digit of h?
0
Let a(v) = 1227*v + 1591. What is the ten thousands digit of a(8)?
1
Let p = -64 + 306. Suppose -2*i - 74 = -3*z, 68 = 3*z - 0*z - 5*i. Suppose -z = 3*y - p. What is the tens digit of y?
7
Let t be 66/6 + 2/(-1). Suppose 31*x - 36*x + 88 = -3*p, -p - 2*x - 11 = 0. What is the tens digit of (-398)/(-14) + t/p?
2
Let m(p) = -p**3 + 20*p**2 + 3*p - 45. Let u be m(21). Let s = 96 - u. What is the tens digit of s?
1
Suppose -k - 530*j = -534*j - 9904, -5*j + 39742 = 4*k. What is the thousands digit of k?
9
Let q = 449 + -173. What is the tens digit of (-15)/(-2 - -3)*q/(-10)?
1
What is the tens digit of ((-1)/((-10)/(-22812)))/(380/(-10450))?
3
Let d = -69 + 81. Suppose d*b - 24 = 10*b. Suppose 4*k = b + 72. What is the tens digit of k?
2
What is the hundreds digit of (-2)/(-4) - 73727091/618*1/(-3)?
7
Let m(q) = -q**3 - 36*q**2 - 15*q - 79. Let t be m(-37). Suppose 5*b = -10*w + 6*w + t, 4*w + 1845 = 5*b. What is the hundreds digit of b?
3
Let n(i) = -18*i**3 + i**2 + 3*i + 4. Let p = 522 - 523. What is the tens digit of n(p)?
2
Let u(d) = d**3 - 138*d**2 - 58*d + 820. What is the units digit of u(141)?
5
Let w = 29378 + 539. What is the ten thousands digit of w?
2
Suppose -111*l + 115*l = 0. Suppose l = -5*x - 3*a + 2021, -4*a = -0*a - 8. What is the hundreds digit of x?
4
Suppose -3*b - 6 = -0*b, 3*w - 10 = -b. What is the tens digit of (-66)/w*4/(-1)?
6
Let o = -7666 - -12531. What is the tens digit of o?
6
Suppose -2*g = -4*l + 20 + 8, -5*g = 4*l. Suppose 0 = -l*t - 43 + 23. What is the units digit of t/(-12) - 38/(-3)?
3
What is the hundreds digit of 6694/26 + 156/(-338)?
2
Let p = 22794 - 13150. What is the hundreds digit of p?
6
Suppose -33777 = -4*c - 4*y - 9237, 2*y = -5*c + 30681. What is the thousands digit of c?
6
Suppose -541*u = -536*u + 225. Let r = 856 - u. What is the units digit of r?
1
Let i(o) be the second derivative of 11*o**3/3 - 28*o. Let b(z) = -z**3 - 2*z**2 - 4*z - 2. Let t be b(-2). What is the hundreds digit of i(t)?
1
Let c = 104300 - 65555. What is the hundreds digit of c?
7
Let q(c) = 35*c + 2*c**2 - 5*c**3 + 13 + 11*c**2 + 4*c**2. Let z(b) = -b**3 + 3*b**2 + 6*b + 2. Let w(s) = -6*q(s) + 34*z(s). What is the tens digit of w(-3)?
1
Suppose -4*y = 5*j - 30, -j = -17*y + 14*y + 13. Suppose 4*t + 1916 = 2*w, 6*t - j*t - 1956 = -2*w. What is the units digit of w?
8
Let p = -1 + 9. Suppose 0*w - 15 = -4*w + 3*t, w - 5*t - p = 0. Suppose -3*a = 5*b - 580, 3*b = -w*a - 0*a + 354. What is the tens digit of b?
1
What is the ten thousands digit of 24*(-4)/(-12) - -86301?
8
What is the hundreds digit of (-105)/(-840) + (-1)/((-8)/227623)?
4
Let n(s) = s**3 + 13*s**2 + 3*s + 14. Let i(b) = 2*b**3 + 14*b**2 + 4*b + 14. Let k(y) = -2*i(y) + 3*n(y). What is the units digit of k(5)?
9
Let z(r) = -326*r + 1094. What is the tens digit of z(-11)?
8
Let f(u) = 672*u - 86. What is the ten thousands digit of f(40)?
2
Let v(p) = 1331*p - 666. What is the units digit of v(37)?
1
Let s(q) = 2308*q + 1064. What is the thousands digit of s(1)?
3
Let v(p) = 3*p + 19. Let s be v(-3). What is the units digit of (-6)/12 + 615/s?
1
Suppose -5*u - 924878 = -53*u + 1473826. What is the thousands digit of u?
9
Let u = 982 + 131. What is the hundreds digit of u?
1
Let p(l) = -28*l - 42*l + 325 - 419. What is the tens digit of p(-15)?
5
Let f(k) = -2*k**3 - 49*k**2 + 26*k + 27. Let v be f(-25). Suppose -5*c - y = -629 - 3138, 3*c = v*y + 2268. What is the tens digit of c?
5
Suppose 0 = -12*c + 9828 - 2160. What is the units digit of c/(15 + -6)*(3 - 0)?
3
Suppose -310 = -2*q - 4*a, -4*q + 0*q = -a - 647. Let i = 299 - q. Suppose 0 = -z + 16 + i. What is the units digit of z?
4
Suppose -t - 6*l = -l + 603, -3*t - 1904 = -4*l. Let v = 1047 + t. What is the hundreds digit of v?
4
Suppose 3*j + 835 = p, -5*p + 6*j + 4219 = 2*j. What is the tens digit of p?
4
Let j = 915 - 1319. Let z = -193 - j. What is the hundreds digit of z?
2
Let h(a) = 152*a + 82. Let m(s) = 52*s + 26. Let r(q) = 5*h(q) - 16*m(q). Let g = -1 + -1. What is the tens digit of r(g)?
3
What is the units digit of (19/((-836)/(-14047)))/(1/4)?
7
Let f = 5400 - -22177. What is the ten thousands digit of f?
2
Let y(f) = 922*f - 417. What is the units digit of y(3)?
9
Let a(r) = 50315*r**2 + 3*r - 9. What is the units digit of a(-1)?
3
Suppose -132 = 11*h + 11*h. What is the hundreds digit of (-2527)/(-5) + h/(-10)?
5
Let b(o) = -2*o**2 - 20*o. Let c be b(-10). Suppose c*k = -4*k + 804. What is the hundreds digit of k?
2
Let g(j) = 38*j**2 + 122*j - 1198. What is the thousands digit of g(11)?
4
Suppose -185*f + 29445 = -146*f. What is the units digit of f?
5
Let h be 3 - 8 - 6240/(-16). Suppose 2*v - 4*i = -h + 1191, -i = 2. What is the units digit of v?
9
Suppose 0 = 4*g + 3*l + 96, -9*l = 2*g - 12*l + 30. Let b(v) = -v**3 - 22*v**2 - 44*v + 12. What is the units digit of b(g)?
5
Suppose -1028 = -61*g + 55031. What is the tens digit of g?
1
Let r(w) = 34*w**2 + 38*w - 552. What is the units digit of r(15)?
8
Suppose -3*i - 5*h = -6479 - 17109, 4*h = -2*i + 15724. What is the units digit of i?
6
Let n(j) = 53*j + 163. Let x(c) = -2. Let g(y) = -n(y) - 4*x(y). What is the tens digit of g(-4)?
5
Suppose 5*c + 47 = -28. Let t(h) = -h + 3. Let y be t(c). Suppose -36 = -3*b + y. What is the units digit of b?
8
Let w = -1 - -3. Suppose -48 = 5*a + w. What is the units digit of -2*((-5)/a)/(2/(-4))?
2
Let l(n) = -185*n**3 - 17*n**2 - 8*n - 61. What is the ten thousands digit of l(-6)?
3
Suppose -652130 = -120*s + 182590. What is the thousands digit of s?
6
Suppose -12416 = -8*y - 72. Let n = y + -859. What is the tens digit of n?
8
Let t(s) = 731*s**2 + 134*s - 93. What is the units digit of t(-9)?
2
Let n(m) = -97*m - 148. Let g be n(-17). Let v = g + -1029. What is the hundreds digit of v?
4
Suppose -6*s - 15232 = -23*s. What is the hundreds digit of s?
8
Suppose -269*s = 2812780 - 9453852. What is the ten thousands digit of s?
2
Let n = -1325 + 4733. What is the tens digit of n?
0
Let u = 211 - 306. What is the hundreds digit of (-153)/(6 + u/15)?
4
Let v be (-476)/(-35) + 2 + 8/(-5). Let j be ((-8)/v)/((-2)/(-7)*-1). Suppose -198 = -4*n - 3*h, -4*n + 3*h - j*h + 206 = 0. What is the tens digit of n?
5
Let p(t) = 3831*t**3 - t**2 - 6*t + 5. Let s be p(1). Let w = 5711 - s. What is the units digit of w?
2
Let h(j) = j**2 + 4. Let u be h(0). Let s(m) = -m**3 + 3*m**2 + 3*m + 8. Let a be s(u). Suppose 0 = 6*d - 82 + a. What is the units digit of d?
3
Let m = -589 - -585. What is the hundreds digit of 542 + m + (-6)/(-6)?
5
Let h(j) = 2*j**2 - 23*j - 7. Let p(s) = s**2 - 22*s - 8. Let g(l) = -2*h(l) + 3*p(l). Let d be (-70)/12 + 49/(-294). What is the tens digit of g(d)?
7
Let p be (-85)/34*16/(-5). Suppose -5*d = -p*d - 4*d. Suppose -44 = -a + 2*i + 22, 3*a - 3*i - 210 = d. What is the units digit of a?
4
Let p(q) = -149*q**3 + 8*q**2 - 122*q - 476. What is the hundreds digit of p(-4)?
6
Let x = 11126 - -1415. What is the thousands digit of x?
2
Suppose s - 2*n = 9, -4*s = 4*n - n - 58. Suppose s*r = 6679 + 4995. What is the tens digit of r?
9
Suppose -58*q - 6305 = 1561 + 1472. Let o = -933 - -653. Let x = q - o